38127539 a composite number?
True
Is 190266967 prime?
False
Is 2554583869 composite?
False
Is 11519566237 a prime number?
False
Is 5589295847 a prime number?
True
Is 673019869 composite?
True
Is 957838639 a composite number?
True
Is 162140969 composite?
False
Is 337684327 a composite number?
False
Is 1782670577 composite?
False
Is 8478975877 a prime number?
True
Is 1095684817 a composite number?
False
Is 5321961241 a composite number?
True
Is 4573158301 prime?
False
Is 148383920299 composite?
False
Is 7080479305 a composite number?
True
Is 2359804133 a composite number?
False
Is 12454734199 a prime number?
True
Is 1347534917 prime?
True
Is 19063021091 composite?
True
Is 373452341 a prime number?
True
Is 311780639 a prime number?
True
Is 120105822527 prime?
True
Is 112003338539 a composite number?
False
Is 29347616161 a composite number?
False
Is 148113789209 composite?
True
Is 134261431 a prime number?
True
Is 758536931 a composite number?
False
Is 1927148393 prime?
False
Is 986887997 prime?
True
Is 4262641601 a composite number?
False
Is 202756259 a composite number?
True
Is 3307015441 a prime number?
True
Is 27144449407 a composite number?
False
Is 171146533 prime?
True
Is 30893395987 a prime number?
False
Is 195345911 composite?
True
Is 15433031347 a composite number?
False
Is 1713236929 composite?
False
Is 2038268041 prime?
True
Is 12199701 prime?
False
Is 360794851 composite?
True
Is 3654597637 a composite number?
True
Is 22425384503 a prime number?
False
Is 22392082067 prime?
True
Is 1731732043 a prime number?
True
Is 7182346447 a composite number?
True
Is 2191251859 a composite number?
False
Is 4577417683 a composite number?
False
Is 19502156027 a prime number?
False
Is 26394272459 a prime number?
False
Is 4019340191 a prime number?
True
Is 3418302781 composite?
False
Is 10974987869 a composite number?
False
Is 3842994193 composite?
True
Is 726093686 a composite number?
True
Is 2200531313 a prime number?
True
Is 8475484379 composite?
False
Is 123598112639 a prime number?
False
Is 1080868069 a composite number?
False
Is 24926220439 prime?
True
Is 2944532989 composite?
False
Is 495649303 prime?
False
Is 844446167 a prime number?
False
Is 24439957727 prime?
False
Is 1157761007 a prime number?
False
Is 168589741037 prime?
True
Is 134843201 a composite number?
True
Is 35725945117 a prime number?
True
Is 31951980383 a prime number?
False
Is 1488184031 a prime number?
True
Is 149763354077 a prime number?
False
Is 20240359247 a composite number?
True
Is 3053483665 composite?
True
Is 2956470373 a prime number?
False
Is 30325281677 composite?
True
Is 288872833 prime?
False
Is 1999130773 a prime number?
True
Is 1090897261 prime?
True
Is 695456137 composite?
True
Is 1543420127 composite?
False
Is 455937022 a prime number?
False
Is 1973949337 a composite number?
True
Is 2164046837 composite?
True
Is 997479851 composite?
False
Is 18538639 composite?
True
Is 10518383321 a prime number?
False
Is 27445981567 a prime number?
True
Is 674274703 prime?
False
Is 73247041459 a composite number?
True
Is 689292005 prime?
False
Is 1105659739 prime?
False
Is 4385028565 prime?
False
Is 7025799031 prime?
False
Is 31933996097 composite?
False
Is 60742342417 a composite number?
False
Is 47228147293 a prime number?
False
Is 42890766059 a prime number?
True
Is 12831725327 a prime number?
False
Is 24638696791 a composite number?
True
Is 1629437023 prime?
True
Is 1818358019 composite?
True
Is 96176471 a composite number?
False
Is 168196720127 prime?
True
Is 6501231151 a prime number?
False
Is 49428096631 a prime number?
False
Is 62383307 prime?
False
Is 493680911 composite?
False
Is 11994921877 a prime number?
True
Is 168129873637 prime?
False
Is 10579510549 composite?
False
Is 16017024811 composite?
True
Is 4657104759 composite?
True
Is 50451721381 composite?
False
Is 41476249 prime?
True
Is 402725179 composite?
True
Is 781618421 composite?
False
Is 777562697 a prime number?
True
Is 89615769041 prime?
True
Is 7596411409 prime?
False
Is 170544821 a prime number?
False
Is 1037365051 composite?
False
Is 446570473 composite?
True
Is 9824072431 a composite number?
False
Is 14334933337 prime?
False
Is 605533987 a composite number?
True
Is 6184154827 a prime number?
False
Is 88140863 prime?
False
Is 4289399069 prime?
True
Is 1655922311 composite?
False
Is 187728287 prime?
True
Is 64714557287 prime?
True
Is 195865870738 prime?
False
Is 3962538751 a composite number?
False
Is 3846190807 composite?
True
Is 322442191 composite?
True
Is 88592353 a composite number?
False
Is 310994867 composite?
False
Is 721551679 composite?
False
Is 18682855207 composite?
False
Is 2768425469 prime?
False
Is 13604991317 a prime number?
True
Is 3443988167 a prime number?
True
Is 75822671 prime?
False
Is 1914673687 prime?
True
Is 2212392743 composite?
True
Is 58629132493 composite?
True
Is 805917391 composite?
True
Is 1394379515 a composite number?
True
Is 19384600883 a prime number?
False
Is 208256374399 composite?
True
Is 911961139 a composite number?
False
Is 833811841 prime?
True
Is 124234813 prime?
True
Is 280093703 a prime number?
False
Is 3920542657 a prime number?
True
Is 3976729297 composite?
True
Is 16938073959 composite?
True
Is 385452895 a prime number?
False
Is 1086745157 a composite number?
False
Is 2271698503 a prime number?
False
Is 5676505333 a prime number?
True
Is 25447936307 prime?
False
Is 3373329727 composite?
False
Is 260505821 a prime number?
True
Is 125915173 prime?
True
Is 11751431563 a prime number?
False
Is 1738236029 a prime number?
True
Is 2898894857 a composite number?
True
Is 2450528369 a prime number?
True
Is 15952038217 prime?
False
Is 5562620399 composite?
True
Is 1007839 a composite number?
True
Is 15730465979 a prime number?
True
Is 360261508207 a composite number?
False
Is 29221600553 a composite number?
False
Is 2501705881 a prime number?
False
Is 34951934597 prime?
False
Is 11280666459 prime?
False
Is 1306784581 a composite number?
False
Is 143658587 composite?
False
Is 359787793 a prime number?
True
Is 14852159671 a prime number?
True
Is 2584058171 a composite number?
False
Is 1727984591 prime?
True
Is 81548059 composite?
False
Is 28126310437 composite?
True
Is 232595026973 composite?
False
Is 38297337271 composite?
False
Is 3807665143 a composite number?
False
Is 163838981 prime?
True
Is 9589297981 prime?
True
Is 14557823801 a composite number?
False
Is 15561269509 prime?
False
Is 249561381101 a composite number?
False
Is 2956232359 composite?
False
Is 2473757519 prime?
True
Is 4470690187 composite?
False
Is 943678579 prime?
True
Is 243203327 a composite number?
False
Is 324518669 prime?
True
Is 228196999 prime?
False
Is 160488283 a composite number?
True
Is 485716547 composite?
False
Is 96763627 a prime number?
False
Is 11655325523 a prime number?
True
Is 10436495863 a composite number?
False
Is 70428180463 a prime number?
False
Is 552793711 prime?
True
Is 1036912039 composite?
True
Is 210183031 composite?
False
Is 73765267 composite?
False
Is 4158472117 prime?
True
Is 3271673771 a prime number?
True
Is 62213335297 a prime number?
True
Is 595488401 composite?
False
Is 29657264699 prime?
True
Is 1386204173 prime?
False
Is 986422235 a composite number?
True
Is 13830469577 a prime number?
False
Is 171491533 a prime number?
True
Is 66195089 composite?
False
Is 12193710851 a composite number?
True
Is 26162047183 prime?
True
Is 9764203177 composite?
True
Is 20720966099 composite?
False
Is 47973336841 a composite number?
False
Is 1457471609 prime?
False
Is 213357467 composite?
False
Is 118143667 a prime number?
True
Is 1139904163 a composite number?
True
Is 759726293 a composite number?
True
Is 254483413 a prime number?
False
Is 32886671 composite?
True
Is 59101223189 composite?
False
Is 5555729497 prime?
True
Is 1112580671 composite?
False
Is 975613433 prime?
True
Is 35638219919 prime?
True
Is 276838439 a prime number?
False
Is 27813106981 composite?
True
Is 602381257 a prime number?
True
Is 13315412967 a prime number?
False
Is 19755274591 composite?
True
Is 86212188065 a composite number?
True
Is 2326058087 a composite number?
False
Is 95826000923 prime?
True
Is 1844957447 a composite number?
False
Is 57540299323 a composite number?
True
Is 4283461697 composi